(-68)/(-51)*2766?
6
Suppose -9 = -v - 5*h, -5*h = -24*v + 28*v - 96. Let r = v + 500. What is the hundreds digit of r?
5
Let c = 51799 + -6841. What is the units digit of c?
8
Suppose -3*v + 650 = i, 9*i + v - 640 = 8*i. Let y = i - 312. What is the hundreds digit of y?
3
Let x = -2886 + 9761. What is the units digit of x?
5
Let i be ((-148)/14)/(-2) + 4/(-14). Let o(a) = 4*a**3 - 3*a**2 - 10*a + 4. What is the units digit of o(i)?
9
Suppose 0*l - 3*r + 13139 = 2*l, 3*l + 2*r = 19716. What is the thousands digit of l?
6
Let n = -1592 - -2951. Suppose 13*r = n + 435. What is the tens digit of r?
3
Let b be (1 + 0)*(116 - 1). Suppose 4*i + 5*y - 12 = -4, 7 = -i + y. What is the units digit of 2/(-4) - i/6*b?
7
Suppose -5*m + 5*p + 190 = 0, m - 2*p - 56 = -21. Suppose 3*f = 7*f - 8. Suppose -m = -f*i + 63. What is the units digit of i?
2
Suppose 3 = -3*g - 3, -5*h = 5*g. Suppose 0 = 4*c - 3*c - h. Suppose 5*r = 4*l - 46 - 68, -3*r + 68 = c*l. What is the tens digit of l?
3
Suppose 33*n - 8272 = 17*n. Suppose -4*v + 4*d + 2444 = 0, -2*v - n = 4*d - 1763. What is the tens digit of v?
1
Let p(t) = -213*t - 400. What is the thousands digit of p(-12)?
2
Let x = -23027 - -45975. What is the tens digit of x?
4
Let r(q) = -q**3 - 33*q**2 - 32*q + 5. Let f be r(-32). Suppose -3*v + 5*v = 0, 0 = 3*b + f*v - 3. What is the units digit of b?
1
Let c(j) = 2*j**2 - 4*j + 19. Suppose -2*m + 4*w = -42, m = -3*m + 4*w + 64. What is the units digit of c(m)?
7
Let d = -27420 + 38633. What is the ten thousands digit of d?
1
Let a(f) = -10*f**2 - 8*f + 17. Let o(m) = -m**2 - 2*m + 1. Let n(q) = -a(q) + 6*o(q). What is the hundreds digit of n(7)?
1
Let v(s) = -s**2 + 11*s - 11. Suppose -l + 17 - 11 = 0. Let x be v(l). Suppose -7 = -4*t - 5*f, -4*f - x - 1 = 0. What is the units digit of t?
8
Suppose -8*h = -12*h + 8. Suppose 38 = 5*a + h*q, 5*q = -5*a + 31 + 19. Suppose 13*k - 168 = a*k. What is the tens digit of k?
2
Let w(l) = -2135*l**3 - 14*l**2 - 42*l - 34. What is the ten thousands digit of w(-3)?
5
Suppose 0 = -3*h - 6, 28*b + 3*h - 7756 = 27*b. What is the units digit of b?
2
What is the thousands digit of (-7)/14 - (-9578)/4?
2
Suppose 0 = -8*b + 2*b + 12. Suppose b*o = -2*f - 22, -f + 2*f + 5 = 0. What is the tens digit of (o/8)/(15/5)*-548?
3
Suppose -46*r + 26848 = -35850. Let w = r - 282. What is the units digit of w?
1
Let j = -1 - 14. Let f be ((-65)/j - 5)*18/(-4). What is the tens digit of (34/f + 4)/(1/3)?
4
Suppose -1337 = -18*j - 311. Suppose -65*f + j*f = -9792. What is the thousands digit of f?
1
Suppose 138 = -9*x - 6. Let s(j) = -j**3 - 14*j**2 + 19*j + 63. What is the units digit of s(x)?
1
Let n(o) = 55*o + 74. Let j be n(10). Suppose -j = -7*x + x. Let i = 10 + x. What is the tens digit of i?
1
Let b(c) = 2*c - 16. Let x be b(6). What is the hundreds digit of -3314*(2 - 10/x - 5)?
6
Let f be 816 + -5 + (1 - 4). Suppose 12*a - 1268 = f. What is the hundreds digit of a?
1
Let m = 61 + 5. Suppose m = -0*q + 3*q. Let o = 42 - q. What is the units digit of o?
0
Suppose -2 = -2*z, 0 = 7*b - 21*z + 26*z - 86840. What is the hundreds digit of b?
4
What is the tens digit of (85070/(-15) - 25/(-30))/(2/(-4))?
4
Let i(h) be the third derivative of 23*h**4/12 + h**3/2 - 41*h**2. Let x(t) = -t**3 + 13*t**2 - 13*t + 14. Let l be x(12). What is the units digit of i(l)?
5
Suppose h - 12 = -3*h. Let f(r) be the third derivative of r**6/60 - r**5/60 - 7*r**3/6 + 3*r**2 + 8*r. What is the tens digit of f(h)?
3
Suppose -5*i = -w + 10, 2*w - 2*i = 3*i + 10. Suppose -6937 = -5*j + 5*t - 4*t, w = -4*t + 12. What is the units digit of j?
8
Let s(y) = -y**2 - 8*y - 4. Let t be s(-7). What is the tens digit of t/15 + 10792/40?
7
Let a(g) = -4*g**3 - 2*g**2 + 12*g - 1. Let s be 5*4*(-3)/12. What is the hundreds digit of a(s)?
3
Let y(h) = h**2 + 5*h + 2. Let t be y(-4). Let p(u) = 68*u + 67*u + 67*u - 215*u - 5. What is the units digit of p(t)?
1
Suppose 131 - 95 = -2*h. Let l(t) = t**3 + 17*t**2 - 20*t - 44. Let b be l(h). Let g(y) = -y**3 - 8*y**2 - 18*y + 14. What is the tens digit of g(b)?
5
Let j(t) = -8*t + 11. Suppose -g = 4*g + 2*g. Suppose 2*c - 3*h + 34 = g, -4*c - h - 68 = 4*h. What is the units digit of j(c)?
7
Let l(o) = 3*o**3 - 4*o**2 + o + 1. Suppose 9*y - 15 = 6*y. What is the hundreds digit of l(y)?
2
Let k(y) = -16*y**3 - y**2 + 78*y + 526. What is the units digit of k(-11)?
3
Let q = 744 - 1750. Let s = q + 1542. What is the tens digit of s?
3
Let a = 48298 - 32393. What is the tens digit of a?
0
Let k(p) be the first derivative of -5*p**4/2 + 5*p**3/3 + 3*p**2/2 - 2*p - 1. Let n be k(-4). Suppose n = 10*z + 296. What is the tens digit of z?
4
Let q(o) = 13*o**2 - 8*o + 366. What is the units digit of q(20)?
6
Let k(j) = 3*j**3 + j**2 + 4*j - 6. Let c be k(3). Let w = c + 264. What is the units digit of w?
0
Let t = 5537 + 21205. What is the units digit of t?
2
Suppose 2*i - 20 = 4*b, i + 5*b = -3 - 8. Suppose -i*j - 16 + 8 = 0. Let r(l) = -75*l + 4. What is the units digit of r(j)?
4
Let c(t) = 0 + 16*t - 17*t + 2 + 0. Let y be c(-1). Suppose -y*j - 4*s + 110 = 0, -4*s + 6 = -2. What is the units digit of j?
4
Let a = -22 + 175. Let g = -61 + a. What is the units digit of g?
2
Suppose -z + 5*h + 347905 = 9*z, 5*h - 35 = 0. What is the units digit of z?
4
Suppose 117*l + 19*l + 2655687 = 8660903. What is the ten thousands digit of l?
4
Suppose -12*n + 18*n - 49890 = 0. What is the units digit of n?
5
What is the thousands digit of (-3 - 6*-35)*(-36331)/(-141)?
3
Suppose 2*u - 6186 = -3*k + 6186, 4*k + 4*u - 16504 = 0. What is the units digit of k?
0
Let h(f) = -15*f**3 - 11*f - 34. What is the hundreds digit of h(-6)?
2
Let v(y) = -140*y + 14. Let o be v(-14). Let c = o + -1077. Suppose 14*r - c = 1469. What is the units digit of r?
9
Suppose 0 = w - 485 + 33. Suppose 0 = 72*n - 65*n - 2163. Let x = w - n. What is the hundreds digit of x?
1
Let i be (-2)/(-3) + (-9 - (-171)/27). What is the hundreds digit of (-2815)/(-7) + i + 4/(-28)?
4
Let x(u) = 173*u**2 - 23*u - 10. Let z be x(-3). Let b = -931 + z. What is the units digit of b?
5
Let o = -18 + 20. Suppose -562 + 3266 = 13*v. Suppose -o*a = 2*i - v, -4*i = -2*i - 4*a - 184. What is the units digit of i?
0
Let n = 23 - 21. Let g be (n/8)/(1 - (-6)/(-8)). What is the tens digit of (-12)/(-9)*42/g?
5
Let s(a) = 4*a - 26. Let o be s(7). Let h be -5 + (o - 61)*-1. Let i = 66 - h. What is the units digit of i?
2
Suppose 18*f = 42*f - 18*f - 38502. What is the tens digit of f?
1
Let l(h) = 395*h**3 + 3*h**2. Let n be l(1). Suppose -n*w + 391*w + 3745 = 0. What is the units digit of w?
5
What is the thousands digit of (-367088)/(-84) + 200/(-2100)?
4
Suppose -z = 4*w - 23158, -3*z + 8*w - 6*w = -69418. What is the units digit of z?
2
Let x be (-119 + -1)/(-3) + -4. Let k = x - -83. What is the hundreds digit of k?
1
Suppose -4*c - 29 = -13. Let f(x) = -4*x**3 - 2*x**2 + 11*x + 12. Let a(o) = o**3 + o**2 - o - 1. Let k(u) = -5*a(u) - f(u). What is the units digit of k(c)?
3
Let a = 43 - 41. Suppose -a*c = 2*c - 1352. Suppose -2*j + 81 = y, 40 = 5*y + j - c. What is the tens digit of y?
7
Let h(m) = -200*m + 2255. What is the units digit of h(-32)?
5
Suppose -39261 = 18*m - 22*m + 5*y, -3*y = -2*m + 19631. What is the thousands digit of m?
9
Let c(o) = 7*o**3 - o**2 - 86*o + 96*o - 6*o**2 + 3*o**2 - 8. What is the hundreds digit of c(4)?
4
Let l = -690 + 701. Let h(j) = -3*j**2 - 3*j - 46. Let g(d) = 2*d**2 + d + 23. Let v(r) = 5*g(r) + 3*h(r). What is the tens digit of v(l)?
5
Let d(i) = 796*i**2 - 58*i - 23. What is the units digit of d(-4)?
5
Suppose 16*d - 26 = 3*d. Let j(z) = z**3 - 5*z**2 + 3. Let g be j(5). Suppose -g + 99 = d*f. What is the units digit of f?
8
What is the units digit of (-1)/(4/(-64) + (-6435)/(-103344))?
6
What is the thousands digit of 10/(-9) - (-8 - (-199952)/(-72))?
2
Let k(c) = -c**3 - 7*c**2 - 8*c + 12. Let t be k(-5). Suppose -7*i + 4377 = 5*y - 9*i, 0 = -t*i + 8. What is the units digit of y?
7
Let f = 31250 + -21533. What is the hundreds digit of f?
7
Suppose 93*i + 5*p = 89*i + 34008, 8502 = i - 3*p. What is the units digit of i?
2
Let u = 1136 - 704. Let l = u - 160. What is the tens digit of l?
7
Suppose 5*d = -40, 2*v + 2*d = 32718 + 20898. What is the tens dig